{"id":1483,"date":"2026-07-27T16:34:42","date_gmt":"2026-07-27T16:34:42","guid":{"rendered":"https:\/\/mediterranmindennapok.com\/?page_id=1483"},"modified":"2026-08-13T10:39:45","modified_gmt":"2026-08-13T10:39:45","slug":"aviso-legal","status":"publish","type":"page","link":"https:\/\/mediterranmindennapok.com\/hu\/aviso-legal\/","title":{"rendered":"Jogi nyilatkozat"},"content":{"rendered":"<p class=\"wp-block-paragraph\">Az inform\u00e1ci\u00f3s t\u00e1rsadalommal \u00f6sszef\u00fcgg\u0151 szolg\u00e1ltat\u00e1sokr\u00f3l \u00e9s az elektronikus kereskedelmi szolg\u00e1ltat\u00e1sokr\u00f3l sz\u00f3l\u00f3, j\u00falius 11-i 34\/2002. sz. spanyol t\u00f6rv\u00e9ny (LSSI-CE) 10. cikk\u00e9nek megfelel\u0151en az al\u00e1bbiakban ismertetj\u00fck a weboldal tulajdonos\u00e1nak azonos\u00edt\u00f3 adatait:<\/p>\n\n\n\n<ul class=\"wp-block-list\">\n<li><strong>Tulajdonos:<\/strong> Melinda Dudas<\/li>\n\n\n\n<li><strong>NIF\/NIE (Ad\u00f3sz\u00e1m\/Azonos\u00edt\u00f3sz\u00e1m):<\/strong> X5820913G<\/li>\n\n\n\n<li><strong>\u00dczleti c\u00edm:<\/strong> San Javier, Murcia, Espa\u00f1a<\/li>\n\n\n\n<li><strong>E-mail c\u00edm:<\/strong> mediterranminfo@gmail.com<\/li>\n\n\n\n<li><strong>Weboldal neve:<\/strong> Mediterr\u00e1n Mindennapok<\/li>\n<\/ul>\n\n\n\n<p class=\"wp-block-paragraph\"><strong>T\u00e1rgy \u00e9s felhaszn\u00e1l\u00e1si felt\u00e9telek<\/strong><br>A jelen jogi nyilatkozat szab\u00e1lyozza a weboldalhoz val\u00f3 hozz\u00e1f\u00e9r\u00e9st, a b\u00f6ng\u00e9sz\u00e9st \u00e9s annak haszn\u00e1lat\u00e1t, <strong>amelyen kereszt\u00fcl a felhaszn\u00e1l\u00f3k t\u00e1j\u00e9koztat\u00e1st kaphatnak a professzion\u00e1lis tolm\u00e1csol\u00e1si \u00e9s k\u00eds\u00e9r\u0151 szolg\u00e1ltat\u00e1sokr\u00f3l.<\/strong> A weboldalra val\u00f3 bel\u00e9p\u00e9ssel a l\u00e1togat\u00f3 felhaszn\u00e1l\u00f3v\u00e1 v\u00e1lik, ami az itt tal\u00e1lhat\u00f3 felt\u00e9telek felt\u00e9tel n\u00e9lk\u00fcli elfogad\u00e1s\u00e1t jelenti. A felhaszn\u00e1l\u00f3 k\u00f6telezetts\u00e9get v\u00e1llal arra, hogy a weboldalt \u00e9s annak szolg\u00e1ltat\u00e1sait a t\u00f6rv\u00e9nyekkel, a j\u00f3 erk\u00f6lccsel \u00e9s a k\u00f6zrenddel \u00f6sszhangban haszn\u00e1lja.<\/p>\n\n\n\n<p class=\"wp-block-paragraph\"><strong>Szellemi tulajdon<\/strong><br>A weboldal teljes tartalma (sz\u00f6vegek, k\u00e9pek, log\u00f3k, v\u00e9djegyek, forr\u00e1sk\u00f3d \u00e9s grafikai tervez\u00e9s) a tulajdonos vagy a haszn\u00e1latukra enged\u00e9lyt ad\u00f3 harmadik felek kiz\u00e1r\u00f3lagos tulajdon\u00e1t k\u00e9pezi. A tulajdonos kifejezett enged\u00e9lye n\u00e9lk\u00fcl tilos annak sokszoros\u00edt\u00e1sa, terjeszt\u00e9se vagy nyilv\u00e1nos k\u00f6zl\u00e9se.<\/p>\n\n\n\n<p class=\"wp-block-paragraph\"><strong>A felel\u0151ss\u00e9g kiz\u00e1r\u00e1sa<\/strong><br>A tulajdonos nem v\u00e1llal felel\u0151ss\u00e9get a tartalom hib\u00e1ib\u00f3l vagy hi\u00e1nyoss\u00e1gaib\u00f3l, a port\u00e1l el\u00e9rhetetlens\u00e9g\u00e9b\u0151l vagy a v\u00edrusok terjed\u00e9s\u00e9b\u0151l ered\u0151 b\u00e1rmilyen jelleg\u0171 k\u00e1r\u00e9rt, annak ellen\u00e9re, hogy megtett minden sz\u00fcks\u00e9ges technol\u00f3giai int\u00e9zked\u00e9st ennek elker\u00fcl\u00e9s\u00e9re. <strong>Asimismo, el titular no asume responsabilidad alguna sobre los contenidos de los enlaces a sitios web de terceros que puedan aparecer en este portal<\/strong>.<\/p>\n\n\n\n<hr class=\"wp-block-separator has-alpha-channel-opacity\"\/>","protected":false},"excerpt":{"rendered":"<p>En cumplimiento del art\u00edculo 10 de la Ley 34\/2002, de 11 de julio, de Servicios de la Sociedad de la Informaci\u00f3n y Comercio Electr\u00f3nico (LSSI-CE), se exponen a continuaci\u00f3n los datos identificativos del titular del sitio web: 1. Objeto y Condiciones de UsoEl presente aviso legal regula el acceso, navegaci\u00f3n y utilizaci\u00f3n de esta p\u00e1gina&#8230;<\/p>","protected":false},"author":1,"featured_media":0,"parent":0,"menu_order":0,"comment_status":"closed","ping_status":"closed","template":"","meta":{"_themeisle_gutenberg_block_has_review":false,"_kadence_starter_templates_imported_post":false,"_kad_post_transparent":"","_kad_post_title":"hide","_kad_post_layout":"","_kad_post_sidebar_id":"","_kad_post_content_style":"","_kad_post_vertical_padding":"","_kad_post_feature":"","_kad_post_feature_position":"","_kad_post_header":false,"_kad_post_footer":false,"_kad_post_classname":"","_joinchat":[],"footnotes":""},"class_list":["post-1483","page","type-page","status-publish","hentry"],"_links":{"self":[{"href":"https:\/\/mediterranmindennapok.com\/hu\/wp-json\/wp\/v2\/pages\/1483","targetHints":{"allow":["GET"]}}],"collection":[{"href":"https:\/\/mediterranmindennapok.com\/hu\/wp-json\/wp\/v2\/pages"}],"about":[{"href":"https:\/\/mediterranmindennapok.com\/hu\/wp-json\/wp\/v2\/types\/page"}],"author":[{"embeddable":true,"href":"https:\/\/mediterranmindennapok.com\/hu\/wp-json\/wp\/v2\/users\/1"}],"replies":[{"embeddable":true,"href":"https:\/\/mediterranmindennapok.com\/hu\/wp-json\/wp\/v2\/comments?post=1483"}],"version-history":[{"count":7,"href":"https:\/\/mediterranmindennapok.com\/hu\/wp-json\/wp\/v2\/pages\/1483\/revisions"}],"predecessor-version":[{"id":1721,"href":"https:\/\/mediterranmindennapok.com\/hu\/wp-json\/wp\/v2\/pages\/1483\/revisions\/1721"}],"wp:attachment":[{"href":"https:\/\/mediterranmindennapok.com\/hu\/wp-json\/wp\/v2\/media?parent=1483"}],"curies":[{"name":"wp","href":"https:\/\/api.w.org\/{rel}","templated":true}]}}

<p class="wp-block-paragraph">Az információs társadalommal összefüggő szolgáltatásokról és az elektronikus kereskedelmi szolgáltatásokról szóló, július 11-i 34/2002. sz. spanyol törvény (LSSI-CE) 10. cikkének megfelelően az alábbiakban ismertetjük a weboldal tulajdonosának azonosító adatait:</p>



<ul class="wp-block-list">
<li><strong>Tulajdonos:</strong> Melinda Dudas</li>



<li><strong>NIF/NIE (Adószám/Azonosítószám):</strong> X5820913G</li>



<li><strong>Üzleti cím:</strong> San Javier, Murcia, España</li>



<li><strong>E-mail cím:</strong> mediterranminfo@gmail.com</li>



<li><strong>Weboldal neve:</strong> Mediterrán Mindennapok</li>
</ul>



<p class="wp-block-paragraph"><strong>Tárgy és felhasználási feltételek</strong><br>A jelen jogi nyilatkozat szabályozza a weboldalhoz való hozzáférést, a böngészést és annak használatát, <strong>amelyen keresztül a felhasználók tájékoztatást kaphatnak a professzionális tolmácsolási és kísérő szolgáltatásokról.</strong> A weboldalra való belépéssel a látogató felhasználóvá válik, ami az itt található feltételek feltétel nélküli elfogadását jelenti. A felhasználó kötelezettséget vállal arra, hogy a weboldalt és annak szolgáltatásait a törvényekkel, a jó erkölccsel és a közrenddel összhangban használja.</p>



<p class="wp-block-paragraph"><strong>Szellemi tulajdon</strong><br>A weboldal teljes tartalma (szövegek, képek, logók, védjegyek, forráskód és grafikai tervezés) a tulajdonos vagy a használatukra engedélyt adó harmadik felek kizárólagos tulajdonát képezi. A tulajdonos kifejezett engedélye nélkül tilos annak sokszorosítása, terjesztése vagy nyilvános közlése.</p>



<p class="wp-block-paragraph"><strong>A felelősség kizárása</strong><br>A tulajdonos nem vállal felelősséget a tartalom hibáiból vagy hiányosságaiból, a portál elérhetetlenségéből vagy a vírusok terjedéséből eredő bármilyen jellegű kárért, annak ellenére, hogy megtett minden szükséges technológiai intézkedést ennek elkerülésére. <strong>Asimismo, el titular no asume responsabilidad alguna sobre los contenidos de los enlaces a sitios web de terceros que puedan aparecer en este portal</strong>.</p>



<hr class="wp-block-separator has-alpha-channel-opacity"/>

<p>En cumplimiento del artículo 10 de la Ley 34/2002, de 11 de julio, de Servicios de la Sociedad de la Información y Comercio Electrónico (LSSI-CE), se exponen a continuación los datos identificativos del titular del sitio web: 1. Objeto y Condiciones de UsoEl presente aviso legal regula el acceso, navegación y utilización de esta página&#8230;</p>
