{"id":3,"date":"2026-07-20T15:02:11","date_gmt":"2026-07-20T15:02:11","guid":{"rendered":"https:\/\/mediterranmindennapok.com\/?page_id=3"},"modified":"2026-08-13T10:44:22","modified_gmt":"2026-08-13T10:44:22","slug":"privacy-policy","status":"publish","type":"page","link":"https:\/\/mediterranmindennapok.com\/hu\/privacy-policy\/","title":{"rendered":"Adatv\u00e9delmi nyilatkozat"},"content":{"rendered":"<h4 class=\"wp-block-heading\"><\/h4>\n\n\n\n<blockquote class=\"wp-block-quote is-layout-flow wp-block-quote-is-layout-flow\">\n<p class=\"wp-block-paragraph\">A jelen Adatv\u00e9delmi Nyilatkozat le\u00edrja, hogyan gy\u0171jtj\u00fck, haszn\u00e1ljuk \u00e9s v\u00e9dj\u00fck azon felhaszn\u00e1l\u00f3k szem\u00e9lyes adatait, akik megl\u00e1togatj\u00e1k ezt a weboldalt vagy interakci\u00f3ba l\u00e9pnek vele, az \u00c1ltal\u00e1nos Adatv\u00e9delmi Rendelet (GDPR) \u00e9s a spanyol 3\/2018. sz. szerves t\u00f6rv\u00e9ny (LOPDGDD) el\u0151\u00edr\u00e1sainak megfelel\u0151en.<\/p>\n\n\n\n<ul class=\"wp-block-list\">\n<li><strong>Adatkezel\u0151:<\/strong> Melinda Dudas<\/li>\n\n\n\n<li><strong>NIF\/NIE (Ad\u00f3sz\u00e1m\/Azonos\u00edt\u00f3sz\u00e1m):<\/strong> X5820913G<\/li>\n\n\n\n<li><strong>Kapcsolat:<\/strong> mediterranminfo@gmail.com<\/li>\n<\/ul>\n\n\n\n<p class=\"wp-block-paragraph\"><strong>1. Gy\u0171jt\u00f6tt adatok \u00e9s az adatkezel\u00e9s c\u00e9lja<\/strong><br>Ezen a weboldalon kereszt\u00fcl az adatok gy\u0171jt\u00e9se a k\u00f6vetkez\u0151 m\u00f3don t\u00f6rt\u00e9nhet:<\/p>\n\n\n\n<ul class=\"wp-block-list\">\n<li><strong>Kapcsolatfelv\u00e9teli \u0171rlapok \/ WhatsApp linkek:<\/strong> Az \u00d6n nev\u00e9t \u00e9s telefonsz\u00e1m\u00e1t\/e-mail c\u00edm\u00e9t kiz\u00e1r\u00f3lag azzal a c\u00e9llal gy\u0171jtj\u00fck, hogy v\u00e1laszoljunk k\u00e9rd\u00e9seire, egyedi \u00e1raj\u00e1nlatokat k\u00fcldj\u00fcnk \u00d6nnek, \u00e9s kezelj\u00fck a k\u00e9rt tolm\u00e1csol\u00e1si vagy k\u00eds\u00e9r\u0151 szolg\u00e1ltat\u00e1sokat.<\/li>\n\n\n\n<li><strong>S\u00fctik (Cookies):<\/strong> Anonim b\u00f6ng\u00e9sz\u00e9si adatok a felhaszn\u00e1l\u00f3i \u00e9lm\u00e9ny jav\u00edt\u00e1sa \u00e9rdek\u00e9ben (p\u00e9ld\u00e1ul a nyelv megjegyz\u00e9se).<\/li>\n<\/ul>\n\n\n\n<p class=\"wp-block-paragraph\"><strong>2. Az adatkezel\u00e9s jogalapja<\/strong><br>Az \u00d6n adatainak kezel\u00e9s\u00e9nek jogalapja az \u00d6n kifejezett hozz\u00e1j\u00e1rul\u00e1sa, amelyet a kapcsolatfelv\u00e9teli \u0171rlap elk\u00fcld\u00e9s\u00e9vel vagy a hivatalos csatorn\u00e1inkon kereszt\u00fcli \u00f6nk\u00e9ntes megkeres\u00e9ssel ad meg sz\u00e1munkra. <strong>\u00d6nnek joga van ezt a hozz\u00e1j\u00e1rul\u00e1st b\u00e1rmikor visszavonni, ami nem \u00e9rinti a visszavon\u00e1s el\u0151tt v\u00e9gzett adatkezel\u00e9s jogszer\u0171s\u00e9g\u00e9t.<\/strong><\/p>\n\n\n\n<p class=\"wp-block-paragraph\"><strong>3. Az adatok meg\u0151rz\u00e9si ideje<\/strong><br>A megadott szem\u00e9lyes adatokat kiz\u00e1r\u00f3lag a gy\u0171jt\u00e9s\u00fck c\u00e9lj\u00e1nak el\u00e9r\u00e9s\u00e9hez szigor\u00faan sz\u00fcks\u00e9ges ideig, <strong>a szakmai kapcsolat fenn\u00e1ll\u00e1sa alatt,<\/strong> illetve mindaddig meg\u0151rizz\u00fck, am\u00edg az \u00e9rintett nem k\u00e9ri azok t\u00f6rl\u00e9s\u00e9t.<\/p>\n\n\n\n<p class=\"wp-block-paragraph\"><strong>4. C\u00edmzettek \u00e9s az adatok \u00e1tad\u00e1sa<\/strong><br>Az \u00d6n szem\u00e9lyes adatait teljes k\u00f6r\u0171 titoktart\u00e1ssal kezelj\u00fck, \u00e9s azokat semmilyen k\u00f6r\u00fclm\u00e9nyek k\u00f6z\u00f6tt nem adjuk \u00e1t harmadik f\u00e9lnek, kiv\u00e9ve szigor\u00fa jogi k\u00f6telezetts\u00e9g eset\u00e9n. <strong>Hasonl\u00f3k\u00e9ppen, nem t\u00f6rt\u00e9nik nemzetk\u00f6zi adattov\u00e1bb\u00edt\u00e1s az Eur\u00f3pai Gazdas\u00e1gi T\u00e9rs\u00e9gen k\u00edv\u00fcli orsz\u00e1gokba.<\/strong><\/p>\n\n\n\n<p class=\"wp-block-paragraph\"><strong>5. A felhaszn\u00e1l\u00f3 jogai<\/strong><br>\u00d6nnek joga van b\u00e1rmikor hozz\u00e1f\u00e9rni, helyesb\u00edteni, korl\u00e1tozni az adatkezel\u00e9st, hordozni, tiltakozni vagy k\u00e9rni szem\u00e9lyes adatainak t\u00f6rl\u00e9s\u00e9t. Ezen jogok gyakorl\u00e1s\u00e1hoz e-mailt k\u00fcldhet a mediterranminfo@gmail.com c\u00edmre, mell\u00e9kelve szem\u00e9lyazonos\u00edt\u00f3 okm\u00e1ny\u00e1nak m\u00e1solat\u00e1t. <strong>Amennyiben \u00fagy \u00edt\u00e9li meg, hogy jogait nem megfelel\u0151en kezelt\u00e9k, joga van panaszt tenni a Spanyol Adatv\u00e9delmi Hat\u00f3s\u00e1gn\u00e1l (AEPD).<\/strong><\/p>\n<\/blockquote>\n\n\n\n<hr class=\"wp-block-separator has-alpha-channel-opacity\"\/>\n\n\n\n<p class=\"wp-block-paragraph\"><\/p>","protected":false},"excerpt":{"rendered":"","protected":false},"author":1,"featured_media":0,"parent":0,"menu_order":0,"comment_status":"closed","ping_status":"closed","template":"","meta":{"_themeisle_gutenberg_block_has_review":false,"_kadence_starter_templates_imported_post":false,"_kad_post_transparent":"","_kad_post_title":"hide","_kad_post_layout":"","_kad_post_sidebar_id":"","_kad_post_content_style":"","_kad_post_vertical_padding":"","_kad_post_feature":"","_kad_post_feature_position":"","_kad_post_header":false,"_kad_post_footer":false,"_kad_post_classname":"","_joinchat":[],"footnotes":""},"class_list":["post-3","page","type-page","status-publish","hentry"],"_links":{"self":[{"href":"https:\/\/mediterranmindennapok.com\/hu\/wp-json\/wp\/v2\/pages\/3","targetHints":{"allow":["GET"]}}],"collection":[{"href":"https:\/\/mediterranmindennapok.com\/hu\/wp-json\/wp\/v2\/pages"}],"about":[{"href":"https:\/\/mediterranmindennapok.com\/hu\/wp-json\/wp\/v2\/types\/page"}],"author":[{"embeddable":true,"href":"https:\/\/mediterranmindennapok.com\/hu\/wp-json\/wp\/v2\/users\/1"}],"replies":[{"embeddable":true,"href":"https:\/\/mediterranmindennapok.com\/hu\/wp-json\/wp\/v2\/comments?post=3"}],"version-history":[{"count":4,"href":"https:\/\/mediterranmindennapok.com\/hu\/wp-json\/wp\/v2\/pages\/3\/revisions"}],"predecessor-version":[{"id":1722,"href":"https:\/\/mediterranmindennapok.com\/hu\/wp-json\/wp\/v2\/pages\/3\/revisions\/1722"}],"wp:attachment":[{"href":"https:\/\/mediterranmindennapok.com\/hu\/wp-json\/wp\/v2\/media?parent=3"}],"curies":[{"name":"wp","href":"https:\/\/api.w.org\/{rel}","templated":true}]}}

Adatvédelmi nyilatkozat

<h4 class="wp-block-heading"></h4>



<blockquote class="wp-block-quote is-layout-flow wp-block-quote-is-layout-flow">
<p class="wp-block-paragraph">A jelen Adatvédelmi Nyilatkozat leírja, hogyan gyűjtjük, használjuk és védjük azon felhasználók személyes adatait, akik meglátogatják ezt a weboldalt vagy interakcióba lépnek vele, az Általános Adatvédelmi Rendelet (GDPR) és a spanyol 3/2018. sz. szerves törvény (LOPDGDD) előírásainak megfelelően.</p>



<ul class="wp-block-list">
<li><strong>Adatkezelő:</strong> Melinda Dudas</li>



<li><strong>NIF/NIE (Adószám/Azonosítószám):</strong> X5820913G</li>



<li><strong>Kapcsolat:</strong> mediterranminfo@gmail.com</li>
</ul>



<p class="wp-block-paragraph"><strong>1. Gyűjtött adatok és az adatkezelés célja</strong><br>Ezen a weboldalon keresztül az adatok gyűjtése a következő módon történhet:</p>



<ul class="wp-block-list">
<li><strong>Kapcsolatfelvételi űrlapok / WhatsApp linkek:</strong> Az Ön nevét és telefonszámát/e-mail címét kizárólag azzal a céllal gyűjtjük, hogy válaszoljunk kérdéseire, egyedi árajánlatokat küldjünk Önnek, és kezeljük a kért tolmácsolási vagy kísérő szolgáltatásokat.</li>



<li><strong>Sütik (Cookies):</strong> Anonim böngészési adatok a felhasználói élmény javítása érdekében (például a nyelv megjegyzése).</li>
</ul>



<p class="wp-block-paragraph"><strong>2. Az adatkezelés jogalapja</strong><br>Az Ön adatainak kezelésének jogalapja az Ön kifejezett hozzájárulása, amelyet a kapcsolatfelvételi űrlap elküldésével vagy a hivatalos csatornáinkon keresztüli önkéntes megkereséssel ad meg számunkra. <strong>Önnek joga van ezt a hozzájárulást bármikor visszavonni, ami nem érinti a visszavonás előtt végzett adatkezelés jogszerűségét.</strong></p>



<p class="wp-block-paragraph"><strong>3. Az adatok megőrzési ideje</strong><br>A megadott személyes adatokat kizárólag a gyűjtésük céljának eléréséhez szigorúan szükséges ideig, <strong>a szakmai kapcsolat fennállása alatt,</strong> illetve mindaddig megőrizzük, amíg az érintett nem kéri azok törlését.</p>



<p class="wp-block-paragraph"><strong>4. Címzettek és az adatok átadása</strong><br>Az Ön személyes adatait teljes körű titoktartással kezeljük, és azokat semmilyen körülmények között nem adjuk át harmadik félnek, kivéve szigorú jogi kötelezettség esetén. <strong>Hasonlóképpen, nem történik nemzetközi adattovábbítás az Európai Gazdasági Térségen kívüli országokba.</strong></p>



<p class="wp-block-paragraph"><strong>5. A felhasználó jogai</strong><br>Önnek joga van bármikor hozzáférni, helyesbíteni, korlátozni az adatkezelést, hordozni, tiltakozni vagy kérni személyes adatainak törlését. Ezen jogok gyakorlásához e-mailt küldhet a mediterranminfo@gmail.com címre, mellékelve személyazonosító okmányának másolatát. <strong>Amennyiben úgy ítéli meg, hogy jogait nem megfelelően kezelték, joga van panaszt tenni a Spanyol Adatvédelmi Hatóságnál (AEPD).</strong></p>
</blockquote>



<hr class="wp-block-separator has-alpha-channel-opacity"/>



<p class="wp-block-paragraph"></p>
